{"id":140,"date":"2019-07-16T01:21:35","date_gmt":"2019-07-15T23:21:35","guid":{"rendered":"http:\/\/galaxyartv.fr\/?page_id=140"},"modified":"2023-11-21T13:58:41","modified_gmt":"2023-11-21T12:58:41","slug":"joachim-harbut","status":"publish","type":"page","link":"https:\/\/galaxyartv.fr\/index.php\/joachim-harbut\/","title":{"rendered":"Joachim Harbut"},"content":{"rendered":"\n<figure class=\"wp-block-gallery aligncenter columns-3\"><ul class=\"blocks-gallery-grid\"><li class=\"blocks-gallery-item\"><figure><a href=\"http:\/\/galaxyartv.fr\/?attachment_id=142\"><img loading=\"lazy\" width=\"200\" height=\"300\" src=\"https:\/\/galaxyartv.fr\/wp-content\/uploads\/2019\/07\/Figuren_230112_001-1-200x300.jpg\" alt=\"\" data-id=\"142\" data-link=\"http:\/\/galaxyartv.fr\/?attachment_id=142\" class=\"wp-image-142\" srcset=\"https:\/\/galaxyartv.fr\/wp-content\/uploads\/2019\/07\/Figuren_230112_001-1-200x300.jpg 200w, https:\/\/galaxyartv.fr\/wp-content\/uploads\/2019\/07\/Figuren_230112_001-1.jpg 283w\" sizes=\"(max-width: 200px) 100vw, 200px\" \/><\/a><\/figure><\/li><li class=\"blocks-gallery-item\"><figure><a href=\"http:\/\/galaxyartv.fr\/?attachment_id=143\"><img loading=\"lazy\" width=\"200\" height=\"300\" src=\"https:\/\/galaxyartv.fr\/wp-content\/uploads\/2019\/07\/Seelenw\u00e4chter1-200x300.jpg\" alt=\"\" data-id=\"143\" data-link=\"http:\/\/galaxyartv.fr\/?attachment_id=143\" class=\"wp-image-143\" srcset=\"https:\/\/galaxyartv.fr\/wp-content\/uploads\/2019\/07\/Seelenw\u00e4chter1-200x300.jpg 200w, https:\/\/galaxyartv.fr\/wp-content\/uploads\/2019\/07\/Seelenw\u00e4chter1.jpg 283w\" sizes=\"(max-width: 200px) 100vw, 200px\" \/><\/a><\/figure><\/li><li class=\"blocks-gallery-item\"><figure><a href=\"http:\/\/galaxyartv.fr\/?attachment_id=144\"><img loading=\"lazy\" width=\"200\" height=\"300\" src=\"https:\/\/galaxyartv.fr\/wp-content\/uploads\/2019\/07\/Urwesen-Zeitfluss-3-200x300.jpg\" alt=\"\" data-id=\"144\" data-link=\"http:\/\/galaxyartv.fr\/?attachment_id=144\" class=\"wp-image-144\" srcset=\"https:\/\/galaxyartv.fr\/wp-content\/uploads\/2019\/07\/Urwesen-Zeitfluss-3-200x300.jpg 200w, https:\/\/galaxyartv.fr\/wp-content\/uploads\/2019\/07\/Urwesen-Zeitfluss-3.jpg 283w\" sizes=\"(max-width: 200px) 100vw, 200px\" \/><\/a><\/figure><\/li><li class=\"blocks-gallery-item\"><figure><a href=\"http:\/\/galaxyartv.fr\/index.php\/joachim-harbut\/1-2\/\"><img loading=\"lazy\" width=\"225\" height=\"300\" src=\"https:\/\/galaxyartv.fr\/wp-content\/uploads\/2019\/09\/1--225x300.jpg\" alt=\"\" data-id=\"465\" data-link=\"http:\/\/galaxyartv.fr\/index.php\/joachim-harbut\/1-2\/\" class=\"wp-image-465\" srcset=\"https:\/\/galaxyartv.fr\/wp-content\/uploads\/2019\/09\/1--225x300.jpg 225w, https:\/\/galaxyartv.fr\/wp-content\/uploads\/2019\/09\/1-.jpg 319w\" sizes=\"(max-width: 225px) 100vw, 225px\" \/><\/a><\/figure><\/li><\/ul><\/figure>\n\n\n\n<div class=\"wp-block-image\"><figure class=\"aligncenter\"><img loading=\"lazy\" width=\"567\" height=\"425\" src=\"http:\/\/galaxyartv.fr\/wp-content\/uploads\/2019\/07\/W\u00e4chterfigur-Achim-in-G\u00fcterhalle-1.jpg\" alt=\"\" class=\"wp-image-145\" srcset=\"https:\/\/galaxyartv.fr\/wp-content\/uploads\/2019\/07\/W\u00e4chterfigur-Achim-in-G\u00fcterhalle-1.jpg 567w, https:\/\/galaxyartv.fr\/wp-content\/uploads\/2019\/07\/W\u00e4chterfigur-Achim-in-G\u00fcterhalle-1-300x225.jpg 300w\" sizes=\"(max-width: 567px) 100vw, 567px\" \/><figcaption>Joachim Harbut<\/figcaption><\/figure><\/div>\n\n\n\n<p><\/p>\n\n\n\n<p class=\"has-text-align-left\">Les figurines de mon temps sont des \u00e9ditions ouvertes : elles naissent d&rsquo;innombrables petits lambeaux d&rsquo;acier, les segments se forment, se condensent dans le processus de forgeage et symbolisent toutes les formes de dialogue. Tout est recueilli et transform\u00e9 dans le futur, l&rsquo;ensemble des approches et des sensations forment la figure. Mon travail artistique se caract\u00e9rise par la recherche, la collecte et le chiffrement. Je positionne les trouvailles de ferraille dans de nouvelles entit\u00e9s. Les mat\u00e9riaux issus du processus de travail, tels que la cendre, le charbon ou le sable, se compl\u00e8tent les uns les autres sous forme de corps et d&rsquo;assemblages picturaux.&nbsp;<\/p>\n\n\n\n<p class=\"has-text-align-left\">Meine Zeitstabfiguren entstehen als offene Edition: sie erwachsen aus unz\u00e4hligen, kleinen Stahlfetzen, die Segmente formen sich, verdichten sich im Schmiedeprozess und stehen sinnbildlich f\u00fcr alle Dialogformen. Alles wird in der Zukunft gesammelt und transformiert, die Gesamtheit aus Ann\u00e4herungen und Empfindungen bilden die Figur. Meine k\u00fcnstlerische Arbeit ist gepr\u00e4gt vom Auffinden, Zusammentragen und Chiffrieren. Ich positioniere die Schrottfunde in neue Wesenheiten. Material aus dem Arbeitsprozess wie Asche, Kohle oder Sand komplementieren sich Bildk\u00f6rper und Assemblagen.&nbsp; <\/p>\n\n\n\n<p><\/p>\n\n\n\n<p class=\"has-text-align-left\">My time stick figures are created as open editions: they grow out of innumerable, small steel shreds, the segments form, condense in the forging process and stand symbolically for all Forms of dialogue.&nbsp; Everything is collected and transformed in the future, the totality of approaches and sensations form the figure. My artistic work is characterized by finding, collating and ciphering. I position the scrap finds in new entities.&nbsp; Material from the working process such as ashes, coal or sand complement pictorial bodies and assemblages.<\/p>\n\n\n\n<p><em>\u00a9 Copyright&nbsp;2020 \u2013 Galaxy Art&nbsp;\u2013 All right reserved<\/em><br><\/p>\n\n\n\n<p><\/p>\n","protected":false},"excerpt":{"rendered":"<p>Les figurines de mon temps sont des \u00e9ditions ouvertes : elles naissent d&rsquo;innombrables petits lambeaux d&rsquo;acier, les segments se forment, se condensent dans le processus de forgeage et symbolisent toutes les formes de dialogue. Tout est recueilli et transform\u00e9 dans le futur, l&rsquo;ensemble des approches et des sensations forment la figure. Mon travail artistique se&hellip; <br \/> <a class=\"read-more\" href=\"https:\/\/galaxyartv.fr\/index.php\/joachim-harbut\/\">Lire la suite<\/a><\/p>\n","protected":false},"author":1,"featured_media":145,"parent":0,"menu_order":0,"comment_status":"closed","ping_status":"closed","template":"","meta":[],"yoast_head":"<!-- This site is optimized with the Yoast SEO plugin v17.1 - https:\/\/yoast.com\/wordpress\/plugins\/seo\/ -->\n<title>Joachim Harbut - Galaxy Art<\/title>\n<meta name=\"robots\" content=\"index, follow, max-snippet:-1, max-image-preview:large, max-video-preview:-1\" \/>\n<link rel=\"canonical\" href=\"https:\/\/galaxyartv.fr\/index.php\/joachim-harbut\/\" \/>\n<meta property=\"og:locale\" content=\"fr_FR\" \/>\n<meta property=\"og:type\" content=\"article\" \/>\n<meta property=\"og:title\" content=\"Joachim Harbut - Galaxy Art\" \/>\n<meta property=\"og:description\" content=\"Les figurines de mon temps sont des \u00e9ditions ouvertes : elles naissent d&rsquo;innombrables petits lambeaux d&rsquo;acier, les segments se forment, se condensent dans le processus de forgeage et symbolisent toutes les formes de dialogue. Tout est recueilli et transform\u00e9 dans le futur, l&rsquo;ensemble des approches et des sensations forment la figure. Mon travail artistique se&hellip; Lire la suite\" \/>\n<meta property=\"og:url\" content=\"https:\/\/galaxyartv.fr\/index.php\/joachim-harbut\/\" \/>\n<meta property=\"og:site_name\" content=\"Galaxy Art\" \/>\n<meta property=\"article:publisher\" content=\"https:\/\/www.facebook.com\/galaxyart.florencevivien.3\" \/>\n<meta property=\"article:modified_time\" content=\"2023-11-21T12:58:41+00:00\" \/>\n<meta property=\"og:image\" content=\"https:\/\/galaxyartv.fr\/wp-content\/uploads\/2019\/07\/W\u00e4chterfigur-Achim-in-G\u00fcterhalle-1.jpg\" \/>\n\t<meta property=\"og:image:width\" content=\"567\" \/>\n\t<meta property=\"og:image:height\" content=\"425\" \/>\n<meta name=\"twitter:card\" content=\"summary_large_image\" \/>\n<meta name=\"twitter:label1\" content=\"Dur\u00e9e de lecture est.\" \/>\n\t<meta name=\"twitter:data1\" content=\"1 minute\" \/>\n<script type=\"application\/ld+json\" class=\"yoast-schema-graph\">{\"@context\":\"https:\/\/schema.org\",\"@graph\":[{\"@type\":\"WebSite\",\"@id\":\"https:\/\/galaxyartv.fr\/#website\",\"url\":\"https:\/\/galaxyartv.fr\/\",\"name\":\"Galaxy Art\",\"description\":\"\",\"potentialAction\":[{\"@type\":\"SearchAction\",\"target\":{\"@type\":\"EntryPoint\",\"urlTemplate\":\"https:\/\/galaxyartv.fr\/?s={search_term_string}\"},\"query-input\":\"required name=search_term_string\"}],\"inLanguage\":\"fr-FR\"},{\"@type\":\"ImageObject\",\"@id\":\"https:\/\/galaxyartv.fr\/index.php\/joachim-harbut\/#primaryimage\",\"inLanguage\":\"fr-FR\",\"url\":\"https:\/\/galaxyartv.fr\/wp-content\/uploads\/2019\/07\/W\\u00e4chterfigur-Achim-in-G\\u00fcterhalle-1.jpg\",\"contentUrl\":\"https:\/\/galaxyartv.fr\/wp-content\/uploads\/2019\/07\/W\\u00e4chterfigur-Achim-in-G\\u00fcterhalle-1.jpg\",\"width\":567,\"height\":425},{\"@type\":\"WebPage\",\"@id\":\"https:\/\/galaxyartv.fr\/index.php\/joachim-harbut\/#webpage\",\"url\":\"https:\/\/galaxyartv.fr\/index.php\/joachim-harbut\/\",\"name\":\"Joachim Harbut - Galaxy Art\",\"isPartOf\":{\"@id\":\"https:\/\/galaxyartv.fr\/#website\"},\"primaryImageOfPage\":{\"@id\":\"https:\/\/galaxyartv.fr\/index.php\/joachim-harbut\/#primaryimage\"},\"datePublished\":\"2019-07-15T23:21:35+00:00\",\"dateModified\":\"2023-11-21T12:58:41+00:00\",\"breadcrumb\":{\"@id\":\"https:\/\/galaxyartv.fr\/index.php\/joachim-harbut\/#breadcrumb\"},\"inLanguage\":\"fr-FR\",\"potentialAction\":[{\"@type\":\"ReadAction\",\"target\":[\"https:\/\/galaxyartv.fr\/index.php\/joachim-harbut\/\"]}]},{\"@type\":\"BreadcrumbList\",\"@id\":\"https:\/\/galaxyartv.fr\/index.php\/joachim-harbut\/#breadcrumb\",\"itemListElement\":[{\"@type\":\"ListItem\",\"position\":1,\"name\":\"Accueil\",\"item\":\"https:\/\/galaxyartv.fr\/\"},{\"@type\":\"ListItem\",\"position\":2,\"name\":\"Joachim Harbut\"}]}]}<\/script>\n<!-- \/ Yoast SEO plugin. -->","yoast_head_json":{"title":"Joachim Harbut - Galaxy Art","robots":{"index":"index","follow":"follow","max-snippet":"max-snippet:-1","max-image-preview":"max-image-preview:large","max-video-preview":"max-video-preview:-1"},"canonical":"https:\/\/galaxyartv.fr\/index.php\/joachim-harbut\/","og_locale":"fr_FR","og_type":"article","og_title":"Joachim Harbut - Galaxy Art","og_description":"Les figurines de mon temps sont des \u00e9ditions ouvertes : elles naissent d&rsquo;innombrables petits lambeaux d&rsquo;acier, les segments se forment, se condensent dans le processus de forgeage et symbolisent toutes les formes de dialogue. Tout est recueilli et transform\u00e9 dans le futur, l&rsquo;ensemble des approches et des sensations forment la figure. Mon travail artistique se&hellip; Lire la suite","og_url":"https:\/\/galaxyartv.fr\/index.php\/joachim-harbut\/","og_site_name":"Galaxy Art","article_publisher":"https:\/\/www.facebook.com\/galaxyart.florencevivien.3","article_modified_time":"2023-11-21T12:58:41+00:00","og_image":[{"width":567,"height":425,"url":"https:\/\/galaxyartv.fr\/wp-content\/uploads\/2019\/07\/W\u00e4chterfigur-Achim-in-G\u00fcterhalle-1.jpg","path":"\/home\/galaxyarxq\/www\/wp-content\/uploads\/2019\/07\/W\u00e4chterfigur-Achim-in-G\u00fcterhalle-1.jpg","size":"full","id":145,"alt":"","pixels":240975,"type":"image\/jpeg"}],"twitter_card":"summary_large_image","twitter_misc":{"Dur\u00e9e de lecture est.":"1 minute"},"schema":{"@context":"https:\/\/schema.org","@graph":[{"@type":"WebSite","@id":"https:\/\/galaxyartv.fr\/#website","url":"https:\/\/galaxyartv.fr\/","name":"Galaxy Art","description":"","potentialAction":[{"@type":"SearchAction","target":{"@type":"EntryPoint","urlTemplate":"https:\/\/galaxyartv.fr\/?s={search_term_string}"},"query-input":"required name=search_term_string"}],"inLanguage":"fr-FR"},{"@type":"ImageObject","@id":"https:\/\/galaxyartv.fr\/index.php\/joachim-harbut\/#primaryimage","inLanguage":"fr-FR","url":"https:\/\/galaxyartv.fr\/wp-content\/uploads\/2019\/07\/W\u00e4chterfigur-Achim-in-G\u00fcterhalle-1.jpg","contentUrl":"https:\/\/galaxyartv.fr\/wp-content\/uploads\/2019\/07\/W\u00e4chterfigur-Achim-in-G\u00fcterhalle-1.jpg","width":567,"height":425},{"@type":"WebPage","@id":"https:\/\/galaxyartv.fr\/index.php\/joachim-harbut\/#webpage","url":"https:\/\/galaxyartv.fr\/index.php\/joachim-harbut\/","name":"Joachim Harbut - Galaxy Art","isPartOf":{"@id":"https:\/\/galaxyartv.fr\/#website"},"primaryImageOfPage":{"@id":"https:\/\/galaxyartv.fr\/index.php\/joachim-harbut\/#primaryimage"},"datePublished":"2019-07-15T23:21:35+00:00","dateModified":"2023-11-21T12:58:41+00:00","breadcrumb":{"@id":"https:\/\/galaxyartv.fr\/index.php\/joachim-harbut\/#breadcrumb"},"inLanguage":"fr-FR","potentialAction":[{"@type":"ReadAction","target":["https:\/\/galaxyartv.fr\/index.php\/joachim-harbut\/"]}]},{"@type":"BreadcrumbList","@id":"https:\/\/galaxyartv.fr\/index.php\/joachim-harbut\/#breadcrumb","itemListElement":[{"@type":"ListItem","position":1,"name":"Accueil","item":"https:\/\/galaxyartv.fr\/"},{"@type":"ListItem","position":2,"name":"Joachim Harbut"}]}]}},"_links":{"self":[{"href":"https:\/\/galaxyartv.fr\/index.php\/wp-json\/wp\/v2\/pages\/140"}],"collection":[{"href":"https:\/\/galaxyartv.fr\/index.php\/wp-json\/wp\/v2\/pages"}],"about":[{"href":"https:\/\/galaxyartv.fr\/index.php\/wp-json\/wp\/v2\/types\/page"}],"author":[{"embeddable":true,"href":"https:\/\/galaxyartv.fr\/index.php\/wp-json\/wp\/v2\/users\/1"}],"replies":[{"embeddable":true,"href":"https:\/\/galaxyartv.fr\/index.php\/wp-json\/wp\/v2\/comments?post=140"}],"version-history":[{"count":12,"href":"https:\/\/galaxyartv.fr\/index.php\/wp-json\/wp\/v2\/pages\/140\/revisions"}],"predecessor-version":[{"id":1682,"href":"https:\/\/galaxyartv.fr\/index.php\/wp-json\/wp\/v2\/pages\/140\/revisions\/1682"}],"wp:featuredmedia":[{"embeddable":true,"href":"https:\/\/galaxyartv.fr\/index.php\/wp-json\/wp\/v2\/media\/145"}],"wp:attachment":[{"href":"https:\/\/galaxyartv.fr\/index.php\/wp-json\/wp\/v2\/media?parent=140"}],"curies":[{"name":"wp","href":"https:\/\/api.w.org\/{rel}","templated":true}]}}