{"id":44,"date":"2019-07-15T22:51:46","date_gmt":"2019-07-15T20:51:46","guid":{"rendered":"http:\/\/galaxyartv.fr\/?page_id=44"},"modified":"2023-11-21T13:57:22","modified_gmt":"2023-11-21T12:57:22","slug":"daniel-dankh","status":"publish","type":"page","link":"https:\/\/galaxyartv.fr\/index.php\/daniel-dankh\/","title":{"rendered":"Daniel Dankh"},"content":{"rendered":"\n<figure class=\"wp-block-gallery aligncenter columns-3\"><ul class=\"blocks-gallery-grid\"><li class=\"blocks-gallery-item\"><figure><a href=\"http:\/\/galaxyartv.fr\/?attachment_id=77\"><img loading=\"lazy\" width=\"677\" height=\"768\" src=\"https:\/\/galaxyartv.fr\/wp-content\/uploads\/2019\/07\/Al-limit-80X70-Oleo-2012-2.jpg\" alt=\"\" data-id=\"77\" data-link=\"http:\/\/galaxyartv.fr\/?attachment_id=77\" class=\"wp-image-77\" srcset=\"https:\/\/galaxyartv.fr\/wp-content\/uploads\/2019\/07\/Al-limit-80X70-Oleo-2012-2.jpg 677w, https:\/\/galaxyartv.fr\/wp-content\/uploads\/2019\/07\/Al-limit-80X70-Oleo-2012-2-264x300.jpg 264w\" sizes=\"(max-width: 677px) 100vw, 677px\" \/><\/a><\/figure><\/li><li class=\"blocks-gallery-item\"><figure><a href=\"http:\/\/galaxyartv.fr\/?attachment_id=78\"><img loading=\"lazy\" width=\"889\" height=\"768\" src=\"https:\/\/galaxyartv.fr\/wp-content\/uploads\/2019\/07\/Alquimia-60X70-Oleo-2012-1.jpg\" alt=\"\" data-id=\"78\" data-link=\"http:\/\/galaxyartv.fr\/?attachment_id=78\" class=\"wp-image-78\" srcset=\"https:\/\/galaxyartv.fr\/wp-content\/uploads\/2019\/07\/Alquimia-60X70-Oleo-2012-1.jpg 889w, https:\/\/galaxyartv.fr\/wp-content\/uploads\/2019\/07\/Alquimia-60X70-Oleo-2012-1-300x259.jpg 300w, https:\/\/galaxyartv.fr\/wp-content\/uploads\/2019\/07\/Alquimia-60X70-Oleo-2012-1-768x663.jpg 768w\" sizes=\"(max-width: 889px) 100vw, 889px\" \/><\/a><\/figure><\/li><li class=\"blocks-gallery-item\"><figure><a href=\"http:\/\/galaxyartv.fr\/?attachment_id=79\"><img loading=\"lazy\" width=\"425\" height=\"491\" src=\"https:\/\/galaxyartv.fr\/wp-content\/uploads\/2019\/07\/Alzando-el-vuelo-80X70-Oleo-2008-1.jpg\" alt=\"\" data-id=\"79\" data-link=\"http:\/\/galaxyartv.fr\/?attachment_id=79\" class=\"wp-image-79\" srcset=\"https:\/\/galaxyartv.fr\/wp-content\/uploads\/2019\/07\/Alzando-el-vuelo-80X70-Oleo-2008-1.jpg 425w, https:\/\/galaxyartv.fr\/wp-content\/uploads\/2019\/07\/Alzando-el-vuelo-80X70-Oleo-2008-1-260x300.jpg 260w\" sizes=\"(max-width: 425px) 100vw, 425px\" \/><\/a><\/figure><\/li><li class=\"blocks-gallery-item\"><figure><a href=\"http:\/\/galaxyartv.fr\/?attachment_id=80\"><img loading=\"lazy\" width=\"425\" height=\"474\" src=\"https:\/\/galaxyartv.fr\/wp-content\/uploads\/2019\/07\/Amor-Ancestral-90X80-Oleo-2013-1.jpg\" alt=\"\" data-id=\"80\" data-link=\"http:\/\/galaxyartv.fr\/?attachment_id=80\" class=\"wp-image-80\" srcset=\"https:\/\/galaxyartv.fr\/wp-content\/uploads\/2019\/07\/Amor-Ancestral-90X80-Oleo-2013-1.jpg 425w, https:\/\/galaxyartv.fr\/wp-content\/uploads\/2019\/07\/Amor-Ancestral-90X80-Oleo-2013-1-269x300.jpg 269w\" sizes=\"(max-width: 425px) 100vw, 425px\" \/><\/a><\/figure><\/li><li class=\"blocks-gallery-item\"><figure><a href=\"http:\/\/galaxyartv.fr\/?attachment_id=81\"><img loading=\"lazy\" width=\"511\" height=\"425\" src=\"https:\/\/galaxyartv.fr\/wp-content\/uploads\/2019\/07\/Atardecer-en-villaviento-50x60-Oleo-2010-1.jpg\" alt=\"\" data-id=\"81\" data-link=\"http:\/\/galaxyartv.fr\/?attachment_id=81\" class=\"wp-image-81\" srcset=\"https:\/\/galaxyartv.fr\/wp-content\/uploads\/2019\/07\/Atardecer-en-villaviento-50x60-Oleo-2010-1.jpg 511w, https:\/\/galaxyartv.fr\/wp-content\/uploads\/2019\/07\/Atardecer-en-villaviento-50x60-Oleo-2010-1-300x250.jpg 300w\" sizes=\"(max-width: 511px) 100vw, 511px\" \/><\/a><\/figure><\/li><li class=\"blocks-gallery-item\"><figure><a href=\"http:\/\/galaxyartv.fr\/?attachment_id=83\"><img loading=\"lazy\" width=\"431\" height=\"425\" src=\"https:\/\/galaxyartv.fr\/wp-content\/uploads\/2019\/07\/Beyond-30x30-Oleo-1-1.jpg\" alt=\"\" data-id=\"83\" data-link=\"http:\/\/galaxyartv.fr\/?attachment_id=83\" class=\"wp-image-83\" srcset=\"https:\/\/galaxyartv.fr\/wp-content\/uploads\/2019\/07\/Beyond-30x30-Oleo-1-1.jpg 431w, https:\/\/galaxyartv.fr\/wp-content\/uploads\/2019\/07\/Beyond-30x30-Oleo-1-1-300x296.jpg 300w\" sizes=\"(max-width: 431px) 100vw, 431px\" \/><\/a><\/figure><\/li><li class=\"blocks-gallery-item\"><figure><a href=\"http:\/\/galaxyartv.fr\/?attachment_id=84\"><img loading=\"lazy\" width=\"421\" height=\"425\" src=\"https:\/\/galaxyartv.fr\/wp-content\/uploads\/2019\/07\/Despedida-amores-que-esperan-100x90-Oleo-2014-1.jpg\" alt=\"\" data-id=\"84\" data-link=\"http:\/\/galaxyartv.fr\/?attachment_id=84\" class=\"wp-image-84\" srcset=\"https:\/\/galaxyartv.fr\/wp-content\/uploads\/2019\/07\/Despedida-amores-que-esperan-100x90-Oleo-2014-1.jpg 421w, https:\/\/galaxyartv.fr\/wp-content\/uploads\/2019\/07\/Despedida-amores-que-esperan-100x90-Oleo-2014-1-150x150.jpg 150w, https:\/\/galaxyartv.fr\/wp-content\/uploads\/2019\/07\/Despedida-amores-que-esperan-100x90-Oleo-2014-1-297x300.jpg 297w\" sizes=\"(max-width: 421px) 100vw, 421px\" \/><\/a><\/figure><\/li><li class=\"blocks-gallery-item\"><figure><a href=\"http:\/\/galaxyartv.fr\/?attachment_id=85\"><img loading=\"lazy\" width=\"473\" height=\"425\" src=\"https:\/\/galaxyartv.fr\/wp-content\/uploads\/2019\/07\/Dualidad-90x100-Oleo.jpg\" alt=\"\" data-id=\"85\" data-link=\"http:\/\/galaxyartv.fr\/?attachment_id=85\" class=\"wp-image-85\" srcset=\"https:\/\/galaxyartv.fr\/wp-content\/uploads\/2019\/07\/Dualidad-90x100-Oleo.jpg 473w, https:\/\/galaxyartv.fr\/wp-content\/uploads\/2019\/07\/Dualidad-90x100-Oleo-300x270.jpg 300w\" sizes=\"(max-width: 473px) 100vw, 473px\" \/><\/a><\/figure><\/li><li class=\"blocks-gallery-item\"><figure><a href=\"http:\/\/galaxyartv.fr\/?attachment_id=86\"><img loading=\"lazy\" width=\"353\" height=\"425\" src=\"https:\/\/galaxyartv.fr\/wp-content\/uploads\/2019\/07\/El-Factor-HumanoDomino-Humano120X100-Oleo-2016.jpg\" alt=\"\" data-id=\"86\" data-link=\"http:\/\/galaxyartv.fr\/?attachment_id=86\" class=\"wp-image-86\" srcset=\"https:\/\/galaxyartv.fr\/wp-content\/uploads\/2019\/07\/El-Factor-HumanoDomino-Humano120X100-Oleo-2016.jpg 353w, https:\/\/galaxyartv.fr\/wp-content\/uploads\/2019\/07\/El-Factor-HumanoDomino-Humano120X100-Oleo-2016-249x300.jpg 249w\" sizes=\"(max-width: 353px) 100vw, 353px\" \/><\/a><\/figure><\/li><li class=\"blocks-gallery-item\"><figure><a href=\"http:\/\/galaxyartv.fr\/?attachment_id=87\"><img loading=\"lazy\" width=\"354\" height=\"425\" src=\"https:\/\/galaxyartv.fr\/wp-content\/uploads\/2019\/07\/El-Jardin-Oleo.jpg\" alt=\"\" data-id=\"87\" data-link=\"http:\/\/galaxyartv.fr\/?attachment_id=87\" class=\"wp-image-87\" srcset=\"https:\/\/galaxyartv.fr\/wp-content\/uploads\/2019\/07\/El-Jardin-Oleo.jpg 354w, https:\/\/galaxyartv.fr\/wp-content\/uploads\/2019\/07\/El-Jardin-Oleo-250x300.jpg 250w\" sizes=\"(max-width: 354px) 100vw, 354px\" \/><\/a><\/figure><\/li><li class=\"blocks-gallery-item\"><figure><a href=\"http:\/\/galaxyartv.fr\/?attachment_id=88\"><img loading=\"lazy\" width=\"314\" height=\"425\" src=\"https:\/\/galaxyartv.fr\/wp-content\/uploads\/2019\/07\/El-Juicio-26x34-Oleo-2018.jpg\" alt=\"\" data-id=\"88\" data-link=\"http:\/\/galaxyartv.fr\/?attachment_id=88\" class=\"wp-image-88\" srcset=\"https:\/\/galaxyartv.fr\/wp-content\/uploads\/2019\/07\/El-Juicio-26x34-Oleo-2018.jpg 314w, https:\/\/galaxyartv.fr\/wp-content\/uploads\/2019\/07\/El-Juicio-26x34-Oleo-2018-222x300.jpg 222w\" sizes=\"(max-width: 314px) 100vw, 314px\" \/><\/a><\/figure><\/li><li class=\"blocks-gallery-item\"><figure><a href=\"http:\/\/galaxyartv.fr\/?attachment_id=89\"><img loading=\"lazy\" width=\"430\" height=\"425\" src=\"https:\/\/galaxyartv.fr\/wp-content\/uploads\/2019\/07\/Espiritu-protector-alado-40x40-Oleo-2015.jpg\" alt=\"\" data-id=\"89\" data-link=\"http:\/\/galaxyartv.fr\/?attachment_id=89\" class=\"wp-image-89\" srcset=\"https:\/\/galaxyartv.fr\/wp-content\/uploads\/2019\/07\/Espiritu-protector-alado-40x40-Oleo-2015.jpg 430w, https:\/\/galaxyartv.fr\/wp-content\/uploads\/2019\/07\/Espiritu-protector-alado-40x40-Oleo-2015-300x297.jpg 300w\" sizes=\"(max-width: 430px) 100vw, 430px\" \/><\/a><\/figure><\/li><li class=\"blocks-gallery-item\"><figure><a href=\"http:\/\/galaxyartv.fr\/?attachment_id=90\"><img loading=\"lazy\" width=\"507\" height=\"425\" src=\"https:\/\/galaxyartv.fr\/wp-content\/uploads\/2019\/07\/Herederos-del-tiempo-50x50-Oleo-2005.jpg\" alt=\"\" data-id=\"90\" data-link=\"http:\/\/galaxyartv.fr\/?attachment_id=90\" class=\"wp-image-90\" srcset=\"https:\/\/galaxyartv.fr\/wp-content\/uploads\/2019\/07\/Herederos-del-tiempo-50x50-Oleo-2005.jpg 507w, https:\/\/galaxyartv.fr\/wp-content\/uploads\/2019\/07\/Herederos-del-tiempo-50x50-Oleo-2005-300x251.jpg 300w\" sizes=\"(max-width: 507px) 100vw, 507px\" \/><\/a><\/figure><\/li><li class=\"blocks-gallery-item\"><figure><a href=\"http:\/\/galaxyartv.fr\/?attachment_id=91\"><img loading=\"lazy\" width=\"475\" height=\"425\" src=\"https:\/\/galaxyartv.fr\/wp-content\/uploads\/2019\/07\/Infinito-interior-100x80-Oleo-2013.jpg\" alt=\"\" data-id=\"91\" data-link=\"http:\/\/galaxyartv.fr\/?attachment_id=91\" class=\"wp-image-91\" srcset=\"https:\/\/galaxyartv.fr\/wp-content\/uploads\/2019\/07\/Infinito-interior-100x80-Oleo-2013.jpg 475w, https:\/\/galaxyartv.fr\/wp-content\/uploads\/2019\/07\/Infinito-interior-100x80-Oleo-2013-300x268.jpg 300w\" sizes=\"(max-width: 475px) 100vw, 475px\" \/><\/a><\/figure><\/li><li class=\"blocks-gallery-item\"><figure><a href=\"http:\/\/galaxyartv.fr\/?attachment_id=92\"><img loading=\"lazy\" width=\"533\" height=\"425\" src=\"https:\/\/galaxyartv.fr\/wp-content\/uploads\/2019\/07\/La-ultima-plegaria-100X80-Oleo-2007.jpg\" alt=\"\" data-id=\"92\" data-link=\"http:\/\/galaxyartv.fr\/?attachment_id=92\" class=\"wp-image-92\" srcset=\"https:\/\/galaxyartv.fr\/wp-content\/uploads\/2019\/07\/La-ultima-plegaria-100X80-Oleo-2007.jpg 533w, https:\/\/galaxyartv.fr\/wp-content\/uploads\/2019\/07\/La-ultima-plegaria-100X80-Oleo-2007-300x239.jpg 300w\" sizes=\"(max-width: 533px) 100vw, 533px\" \/><\/a><\/figure><\/li><li class=\"blocks-gallery-item\"><figure><a href=\"http:\/\/galaxyartv.fr\/?attachment_id=93\"><img loading=\"lazy\" width=\"426\" height=\"425\" src=\"https:\/\/galaxyartv.fr\/wp-content\/uploads\/2019\/07\/Pilar-de-Amarre-80x80-Oleo-2012.jpg\" alt=\"\" data-id=\"93\" data-link=\"http:\/\/galaxyartv.fr\/?attachment_id=93\" class=\"wp-image-93\" srcset=\"https:\/\/galaxyartv.fr\/wp-content\/uploads\/2019\/07\/Pilar-de-Amarre-80x80-Oleo-2012.jpg 426w, https:\/\/galaxyartv.fr\/wp-content\/uploads\/2019\/07\/Pilar-de-Amarre-80x80-Oleo-2012-150x150.jpg 150w, https:\/\/galaxyartv.fr\/wp-content\/uploads\/2019\/07\/Pilar-de-Amarre-80x80-Oleo-2012-300x300.jpg 300w\" sizes=\"(max-width: 426px) 100vw, 426px\" \/><\/a><\/figure><\/li><li class=\"blocks-gallery-item\"><figure><a href=\"http:\/\/galaxyartv.fr\/?attachment_id=94\"><img loading=\"lazy\" width=\"425\" height=\"425\" src=\"https:\/\/galaxyartv.fr\/wp-content\/uploads\/2019\/07\/Quien-escucha-tus-plegarias-30x30-Oleo-2018.jpg\" alt=\"\" data-id=\"94\" data-link=\"http:\/\/galaxyartv.fr\/?attachment_id=94\" class=\"wp-image-94\" srcset=\"https:\/\/galaxyartv.fr\/wp-content\/uploads\/2019\/07\/Quien-escucha-tus-plegarias-30x30-Oleo-2018.jpg 425w, https:\/\/galaxyartv.fr\/wp-content\/uploads\/2019\/07\/Quien-escucha-tus-plegarias-30x30-Oleo-2018-150x150.jpg 150w, https:\/\/galaxyartv.fr\/wp-content\/uploads\/2019\/07\/Quien-escucha-tus-plegarias-30x30-Oleo-2018-300x300.jpg 300w\" sizes=\"(max-width: 425px) 100vw, 425px\" \/><\/a><\/figure><\/li><li class=\"blocks-gallery-item\"><figure><a href=\"http:\/\/galaxyartv.fr\/?attachment_id=95\"><img loading=\"lazy\" width=\"473\" height=\"425\" src=\"https:\/\/galaxyartv.fr\/wp-content\/uploads\/2019\/07\/Relaciones-secretas-70x80-Oleo-2012.jpg\" alt=\"\" data-id=\"95\" data-link=\"http:\/\/galaxyartv.fr\/?attachment_id=95\" class=\"wp-image-95\" srcset=\"https:\/\/galaxyartv.fr\/wp-content\/uploads\/2019\/07\/Relaciones-secretas-70x80-Oleo-2012.jpg 473w, https:\/\/galaxyartv.fr\/wp-content\/uploads\/2019\/07\/Relaciones-secretas-70x80-Oleo-2012-300x270.jpg 300w\" sizes=\"(max-width: 473px) 100vw, 473px\" \/><\/a><\/figure><\/li><li class=\"blocks-gallery-item\"><figure><a href=\"http:\/\/galaxyartv.fr\/?attachment_id=96\"><img loading=\"lazy\" width=\"366\" height=\"425\" src=\"https:\/\/galaxyartv.fr\/wp-content\/uploads\/2019\/07\/Santuario-60x50-Oleo-2018.jpg\" alt=\"\" data-id=\"96\" data-link=\"http:\/\/galaxyartv.fr\/?attachment_id=96\" class=\"wp-image-96\" srcset=\"https:\/\/galaxyartv.fr\/wp-content\/uploads\/2019\/07\/Santuario-60x50-Oleo-2018.jpg 366w, https:\/\/galaxyartv.fr\/wp-content\/uploads\/2019\/07\/Santuario-60x50-Oleo-2018-258x300.jpg 258w\" sizes=\"(max-width: 366px) 100vw, 366px\" \/><\/a><\/figure><\/li><li class=\"blocks-gallery-item\"><figure><a href=\"http:\/\/galaxyartv.fr\/?attachment_id=97\"><img loading=\"lazy\" width=\"512\" height=\"425\" src=\"https:\/\/galaxyartv.fr\/wp-content\/uploads\/2019\/07\/Viageros-50x60-Oleo-2004-e1563231364657.jpg\" alt=\"\" data-id=\"97\" data-link=\"http:\/\/galaxyartv.fr\/?attachment_id=97\" class=\"wp-image-97\" srcset=\"https:\/\/galaxyartv.fr\/wp-content\/uploads\/2019\/07\/Viageros-50x60-Oleo-2004-e1563231364657.jpg 512w, https:\/\/galaxyartv.fr\/wp-content\/uploads\/2019\/07\/Viageros-50x60-Oleo-2004-e1563231364657-300x249.jpg 300w\" sizes=\"(max-width: 512px) 100vw, 512px\" \/><\/a><\/figure><\/li><li class=\"blocks-gallery-item\"><figure><a href=\"http:\/\/galaxyartv.fr\/?attachment_id=98\"><img loading=\"lazy\" width=\"517\" height=\"425\" src=\"https:\/\/galaxyartv.fr\/wp-content\/uploads\/2019\/07\/Visita-Nocturna-50x60-Oleo-2004.jpg\" alt=\"\" data-id=\"98\" data-link=\"http:\/\/galaxyartv.fr\/?attachment_id=98\" class=\"wp-image-98\" srcset=\"https:\/\/galaxyartv.fr\/wp-content\/uploads\/2019\/07\/Visita-Nocturna-50x60-Oleo-2004.jpg 517w, https:\/\/galaxyartv.fr\/wp-content\/uploads\/2019\/07\/Visita-Nocturna-50x60-Oleo-2004-300x247.jpg 300w\" sizes=\"(max-width: 517px) 100vw, 517px\" \/><\/a><\/figure><\/li><\/ul><\/figure>\n\n\n\n<p>Self-taught painter born on July 19<sup>th<\/sup>, in\nVilla Ballester, Greater Buenos Aires (Argentina), Daniel Dankh is also\npassionate about photography and the writing of short and poetic texts. He\nreally started painting with oil in 1992, with a series of works about Egypt,\nhis great passion, associated further on with the Surrealism movement\u2026<\/p>\n\n\n\n<p>\u201cMusic always accompanies me when painting. Music and\npainting are my two most vital needs. I never propose a pictorial subject, be\nin a creative process\u2026I\u2019d rather let myself go and trust my intuition\u201d.<\/p>\n\n\n\n<p>Peintre autodidacte\nn\u00e9 le 19 juillet 1959 \u00e0 Villa Ballester, Buenos Aires (Argentine), Daniel Dankh\nse passionne \u00e9galement pour la photographie et l\u2019\u00e9criture de courts textes\npo\u00e9tiques. C\u2019est en 1992 qu\u2019il a vraiment commenc\u00e9 la peinture \u00e0 l\u2019huile avec\nune s\u00e9rie de tableaux sur l\u2019Egypte, sa grande passion qu\u2019il a associ\u00e9e par la suite avec le mouvement surr\u00e9aliste.<\/p>\n\n\n\n<p>\u00ab&nbsp;La\nmusique m\u2019accompagne toujours lorsque je peins. La musique et la peinture sont\nmes deux besoins vitaux. Je ne propose jamais de sujet pictural, de processus\ncr\u00e9atif\u2026 Je pr\u00e9f\u00e8re donner libre cours \u00e0 mon intuition&nbsp;\u00bb.<\/p>\n\n\n\n<p><em>\u00a9 Copyright&nbsp;2020 \u2013 Galaxy Art&nbsp;\u2013 All right reserved<\/em><br><\/p>\n","protected":false},"excerpt":{"rendered":"<p>Self-taught painter born on July 19th, in Villa Ballester, Greater Buenos Aires (Argentina), Daniel Dankh is also passionate about photography and the writing of short and poetic texts. He really started painting with oil in 1992, with a series of works about Egypt, his great passion, associated further on with the Surrealism movement\u2026 \u201cMusic always&hellip; <br \/> <a class=\"read-more\" href=\"https:\/\/galaxyartv.fr\/index.php\/daniel-dankh\/\">Lire la suite<\/a><\/p>\n","protected":false},"author":1,"featured_media":76,"parent":0,"menu_order":0,"comment_status":"open","ping_status":"closed","template":"","meta":[],"yoast_head":"<!-- This site is optimized with the Yoast SEO plugin v17.1 - https:\/\/yoast.com\/wordpress\/plugins\/seo\/ -->\n<title>Daniel Dankh - Galaxy Art<\/title>\n<meta name=\"robots\" content=\"index, follow, max-snippet:-1, max-image-preview:large, max-video-preview:-1\" \/>\n<link rel=\"canonical\" href=\"https:\/\/galaxyartv.fr\/index.php\/daniel-dankh\/\" \/>\n<meta property=\"og:locale\" content=\"fr_FR\" \/>\n<meta property=\"og:type\" content=\"article\" \/>\n<meta property=\"og:title\" content=\"Daniel Dankh - Galaxy Art\" \/>\n<meta property=\"og:description\" content=\"Self-taught painter born on July 19th, in Villa Ballester, Greater Buenos Aires (Argentina), Daniel Dankh is also passionate about photography and the writing of short and poetic texts. He really started painting with oil in 1992, with a series of works about Egypt, his great passion, associated further on with the Surrealism movement\u2026 \u201cMusic always&hellip; Lire la suite\" \/>\n<meta property=\"og:url\" content=\"https:\/\/galaxyartv.fr\/index.php\/daniel-dankh\/\" \/>\n<meta property=\"og:site_name\" content=\"Galaxy Art\" \/>\n<meta property=\"article:publisher\" content=\"https:\/\/www.facebook.com\/galaxyart.florencevivien.3\" \/>\n<meta property=\"article:modified_time\" content=\"2023-11-21T12:57:22+00:00\" \/>\n<meta property=\"og:image\" content=\"https:\/\/galaxyartv.fr\/wp-content\/uploads\/2019\/07\/Despedida-amores-que-esperan-100x90-Oleo-2014.jpg\" \/>\n\t<meta property=\"og:image:width\" content=\"421\" \/>\n\t<meta property=\"og:image:height\" content=\"425\" \/>\n<meta name=\"twitter:card\" content=\"summary_large_image\" \/>\n<meta name=\"twitter:label1\" content=\"Dur\u00e9e de lecture est.\" \/>\n\t<meta name=\"twitter:data1\" content=\"1 minute\" \/>\n<script type=\"application\/ld+json\" class=\"yoast-schema-graph\">{\"@context\":\"https:\/\/schema.org\",\"@graph\":[{\"@type\":\"WebSite\",\"@id\":\"https:\/\/galaxyartv.fr\/#website\",\"url\":\"https:\/\/galaxyartv.fr\/\",\"name\":\"Galaxy Art\",\"description\":\"\",\"potentialAction\":[{\"@type\":\"SearchAction\",\"target\":{\"@type\":\"EntryPoint\",\"urlTemplate\":\"https:\/\/galaxyartv.fr\/?s={search_term_string}\"},\"query-input\":\"required name=search_term_string\"}],\"inLanguage\":\"fr-FR\"},{\"@type\":\"ImageObject\",\"@id\":\"https:\/\/galaxyartv.fr\/index.php\/daniel-dankh\/#primaryimage\",\"inLanguage\":\"fr-FR\",\"url\":\"https:\/\/galaxyartv.fr\/wp-content\/uploads\/2019\/07\/Despedida-amores-que-esperan-100x90-Oleo-2014.jpg\",\"contentUrl\":\"https:\/\/galaxyartv.fr\/wp-content\/uploads\/2019\/07\/Despedida-amores-que-esperan-100x90-Oleo-2014.jpg\",\"width\":421,\"height\":425},{\"@type\":\"WebPage\",\"@id\":\"https:\/\/galaxyartv.fr\/index.php\/daniel-dankh\/#webpage\",\"url\":\"https:\/\/galaxyartv.fr\/index.php\/daniel-dankh\/\",\"name\":\"Daniel Dankh - Galaxy Art\",\"isPartOf\":{\"@id\":\"https:\/\/galaxyartv.fr\/#website\"},\"primaryImageOfPage\":{\"@id\":\"https:\/\/galaxyartv.fr\/index.php\/daniel-dankh\/#primaryimage\"},\"datePublished\":\"2019-07-15T20:51:46+00:00\",\"dateModified\":\"2023-11-21T12:57:22+00:00\",\"breadcrumb\":{\"@id\":\"https:\/\/galaxyartv.fr\/index.php\/daniel-dankh\/#breadcrumb\"},\"inLanguage\":\"fr-FR\",\"potentialAction\":[{\"@type\":\"ReadAction\",\"target\":[\"https:\/\/galaxyartv.fr\/index.php\/daniel-dankh\/\"]}]},{\"@type\":\"BreadcrumbList\",\"@id\":\"https:\/\/galaxyartv.fr\/index.php\/daniel-dankh\/#breadcrumb\",\"itemListElement\":[{\"@type\":\"ListItem\",\"position\":1,\"name\":\"Accueil\",\"item\":\"https:\/\/galaxyartv.fr\/\"},{\"@type\":\"ListItem\",\"position\":2,\"name\":\"Daniel Dankh\"}]}]}<\/script>\n<!-- \/ Yoast SEO plugin. -->","yoast_head_json":{"title":"Daniel Dankh - Galaxy Art","robots":{"index":"index","follow":"follow","max-snippet":"max-snippet:-1","max-image-preview":"max-image-preview:large","max-video-preview":"max-video-preview:-1"},"canonical":"https:\/\/galaxyartv.fr\/index.php\/daniel-dankh\/","og_locale":"fr_FR","og_type":"article","og_title":"Daniel Dankh - Galaxy Art","og_description":"Self-taught painter born on July 19th, in Villa Ballester, Greater Buenos Aires (Argentina), Daniel Dankh is also passionate about photography and the writing of short and poetic texts. He really started painting with oil in 1992, with a series of works about Egypt, his great passion, associated further on with the Surrealism movement\u2026 \u201cMusic always&hellip; Lire la suite","og_url":"https:\/\/galaxyartv.fr\/index.php\/daniel-dankh\/","og_site_name":"Galaxy Art","article_publisher":"https:\/\/www.facebook.com\/galaxyart.florencevivien.3","article_modified_time":"2023-11-21T12:57:22+00:00","og_image":[{"width":421,"height":425,"url":"https:\/\/galaxyartv.fr\/wp-content\/uploads\/2019\/07\/Despedida-amores-que-esperan-100x90-Oleo-2014.jpg","path":"\/home\/galaxyarxq\/www\/wp-content\/uploads\/2019\/07\/Despedida-amores-que-esperan-100x90-Oleo-2014.jpg","size":"full","id":76,"alt":"","pixels":178925,"type":"image\/jpeg"}],"twitter_card":"summary_large_image","twitter_misc":{"Dur\u00e9e de lecture est.":"1 minute"},"schema":{"@context":"https:\/\/schema.org","@graph":[{"@type":"WebSite","@id":"https:\/\/galaxyartv.fr\/#website","url":"https:\/\/galaxyartv.fr\/","name":"Galaxy Art","description":"","potentialAction":[{"@type":"SearchAction","target":{"@type":"EntryPoint","urlTemplate":"https:\/\/galaxyartv.fr\/?s={search_term_string}"},"query-input":"required name=search_term_string"}],"inLanguage":"fr-FR"},{"@type":"ImageObject","@id":"https:\/\/galaxyartv.fr\/index.php\/daniel-dankh\/#primaryimage","inLanguage":"fr-FR","url":"https:\/\/galaxyartv.fr\/wp-content\/uploads\/2019\/07\/Despedida-amores-que-esperan-100x90-Oleo-2014.jpg","contentUrl":"https:\/\/galaxyartv.fr\/wp-content\/uploads\/2019\/07\/Despedida-amores-que-esperan-100x90-Oleo-2014.jpg","width":421,"height":425},{"@type":"WebPage","@id":"https:\/\/galaxyartv.fr\/index.php\/daniel-dankh\/#webpage","url":"https:\/\/galaxyartv.fr\/index.php\/daniel-dankh\/","name":"Daniel Dankh - Galaxy Art","isPartOf":{"@id":"https:\/\/galaxyartv.fr\/#website"},"primaryImageOfPage":{"@id":"https:\/\/galaxyartv.fr\/index.php\/daniel-dankh\/#primaryimage"},"datePublished":"2019-07-15T20:51:46+00:00","dateModified":"2023-11-21T12:57:22+00:00","breadcrumb":{"@id":"https:\/\/galaxyartv.fr\/index.php\/daniel-dankh\/#breadcrumb"},"inLanguage":"fr-FR","potentialAction":[{"@type":"ReadAction","target":["https:\/\/galaxyartv.fr\/index.php\/daniel-dankh\/"]}]},{"@type":"BreadcrumbList","@id":"https:\/\/galaxyartv.fr\/index.php\/daniel-dankh\/#breadcrumb","itemListElement":[{"@type":"ListItem","position":1,"name":"Accueil","item":"https:\/\/galaxyartv.fr\/"},{"@type":"ListItem","position":2,"name":"Daniel Dankh"}]}]}},"_links":{"self":[{"href":"https:\/\/galaxyartv.fr\/index.php\/wp-json\/wp\/v2\/pages\/44"}],"collection":[{"href":"https:\/\/galaxyartv.fr\/index.php\/wp-json\/wp\/v2\/pages"}],"about":[{"href":"https:\/\/galaxyartv.fr\/index.php\/wp-json\/wp\/v2\/types\/page"}],"author":[{"embeddable":true,"href":"https:\/\/galaxyartv.fr\/index.php\/wp-json\/wp\/v2\/users\/1"}],"replies":[{"embeddable":true,"href":"https:\/\/galaxyartv.fr\/index.php\/wp-json\/wp\/v2\/comments?post=44"}],"version-history":[{"count":13,"href":"https:\/\/galaxyartv.fr\/index.php\/wp-json\/wp\/v2\/pages\/44\/revisions"}],"predecessor-version":[{"id":1679,"href":"https:\/\/galaxyartv.fr\/index.php\/wp-json\/wp\/v2\/pages\/44\/revisions\/1679"}],"wp:featuredmedia":[{"embeddable":true,"href":"https:\/\/galaxyartv.fr\/index.php\/wp-json\/wp\/v2\/media\/76"}],"wp:attachment":[{"href":"https:\/\/galaxyartv.fr\/index.php\/wp-json\/wp\/v2\/media?parent=44"}],"curies":[{"name":"wp","href":"https:\/\/api.w.org\/{rel}","templated":true}]}}