{"id":607,"date":"2019-11-03T01:12:13","date_gmt":"2019-11-03T00:12:13","guid":{"rendered":"https:\/\/galaxyartv.fr\/?page_id=607"},"modified":"2023-11-21T13:58:16","modified_gmt":"2023-11-21T12:58:16","slug":"jamal-al-youssif","status":"publish","type":"page","link":"https:\/\/galaxyartv.fr\/index.php\/jamal-al-youssif\/","title":{"rendered":"Jamal Al-Yousif"},"content":{"rendered":"\n<p><\/p>\n\n\n\n<div class=\"wp-block-image\"><figure class=\"aligncenter size-full\"><img loading=\"lazy\" width=\"3024\" height=\"4032\" src=\"https:\/\/galaxyartv.fr\/wp-content\/uploads\/2019\/11\/IMG_1132.jpg\" alt=\"He Dares to Dream- Stainless Steel , 2019\n2.75m Height,\n1.06 Width,\n0.8m Depth\" class=\"wp-image-614\" srcset=\"https:\/\/galaxyartv.fr\/wp-content\/uploads\/2019\/11\/IMG_1132.jpg 3024w, https:\/\/galaxyartv.fr\/wp-content\/uploads\/2019\/11\/IMG_1132-225x300.jpg 225w, https:\/\/galaxyartv.fr\/wp-content\/uploads\/2019\/11\/IMG_1132-768x1024.jpg 768w, https:\/\/galaxyartv.fr\/wp-content\/uploads\/2019\/11\/IMG_1132-1024x1365.jpg 1024w, https:\/\/galaxyartv.fr\/wp-content\/uploads\/2019\/11\/IMG_1132-810x1080.jpg 810w\" sizes=\"(max-width: 3024px) 100vw, 3024px\" \/><\/figure><\/div>\n\n\n\n<p class=\"has-text-align-center\">He Dares to Dream &#8211; stainless steel, 2019<br>measure: 2.75&#215;1.06&#215;0.8m<\/p>\n\n\n\n<figure class=\"wp-block-gallery aligncenter columns-2 is-cropped\"><ul class=\"blocks-gallery-grid\"><li class=\"blocks-gallery-item\"><figure><img loading=\"lazy\" width=\"768\" height=\"1024\" src=\"https:\/\/galaxyartv.fr\/wp-content\/uploads\/2019\/11\/IMG_1150-768x1024.jpg\" alt=\"\" data-id=\"616\" data-link=\"https:\/\/galaxyartv.fr\/index.php\/jamal-al-youssif\/img_1150\/\" class=\"wp-image-616\" srcset=\"https:\/\/galaxyartv.fr\/wp-content\/uploads\/2019\/11\/IMG_1150-768x1024.jpg 768w, https:\/\/galaxyartv.fr\/wp-content\/uploads\/2019\/11\/IMG_1150-225x300.jpg 225w, https:\/\/galaxyartv.fr\/wp-content\/uploads\/2019\/11\/IMG_1150-1024x1365.jpg 1024w, https:\/\/galaxyartv.fr\/wp-content\/uploads\/2019\/11\/IMG_1150-810x1080.jpg 810w\" sizes=\"(max-width: 768px) 100vw, 768px\" \/><\/figure><\/li><li class=\"blocks-gallery-item\"><figure><img loading=\"lazy\" width=\"768\" height=\"1024\" src=\"https:\/\/galaxyartv.fr\/wp-content\/uploads\/2019\/11\/IMG_1143-768x1024.jpg\" alt=\"\" data-id=\"615\" data-link=\"https:\/\/galaxyartv.fr\/index.php\/jamal-al-youssif\/img_1143\/\" class=\"wp-image-615\" srcset=\"https:\/\/galaxyartv.fr\/wp-content\/uploads\/2019\/11\/IMG_1143-768x1024.jpg 768w, https:\/\/galaxyartv.fr\/wp-content\/uploads\/2019\/11\/IMG_1143-225x300.jpg 225w, https:\/\/galaxyartv.fr\/wp-content\/uploads\/2019\/11\/IMG_1143-1024x1365.jpg 1024w, https:\/\/galaxyartv.fr\/wp-content\/uploads\/2019\/11\/IMG_1143-810x1080.jpg 810w\" sizes=\"(max-width: 768px) 100vw, 768px\" \/><\/figure><\/li><\/ul><\/figure>\n\n\n\n<p><\/p>\n\n\n\n<figure class=\"wp-block-gallery aligncenter columns-2 is-cropped\"><ul class=\"blocks-gallery-grid\"><li class=\"blocks-gallery-item\"><figure><img loading=\"lazy\" width=\"225\" height=\"300\" src=\"https:\/\/galaxyartv.fr\/wp-content\/uploads\/2020\/04\/In-selfrefection-3-n-225x300.jpg\" alt=\"\" data-id=\"684\" class=\"wp-image-684\" srcset=\"https:\/\/galaxyartv.fr\/wp-content\/uploads\/2020\/04\/In-selfrefection-3-n-225x300.jpg 225w, https:\/\/galaxyartv.fr\/wp-content\/uploads\/2020\/04\/In-selfrefection-3-n.jpg 720w\" sizes=\"(max-width: 225px) 100vw, 225px\" \/><\/figure><\/li><li class=\"blocks-gallery-item\"><figure><img loading=\"lazy\" width=\"300\" height=\"300\" src=\"https:\/\/galaxyartv.fr\/wp-content\/uploads\/2020\/04\/In-selfreflection-2_n-1-300x300.jpg\" alt=\"\" data-id=\"697\" data-link=\"https:\/\/galaxyartv.fr\/index.php\/jamal-al-youssif\/in-selfreflection-2_n-1\/\" class=\"wp-image-697\" srcset=\"https:\/\/galaxyartv.fr\/wp-content\/uploads\/2020\/04\/In-selfreflection-2_n-1-300x300.jpg 300w, https:\/\/galaxyartv.fr\/wp-content\/uploads\/2020\/04\/In-selfreflection-2_n-1-150x150.jpg 150w, https:\/\/galaxyartv.fr\/wp-content\/uploads\/2020\/04\/In-selfreflection-2_n-1-768x768.jpg 768w, https:\/\/galaxyartv.fr\/wp-content\/uploads\/2020\/04\/In-selfreflection-2_n-1.jpg 960w\" sizes=\"(max-width: 300px) 100vw, 300px\" \/><\/figure><\/li><\/ul><\/figure>\n\n\n\n<p class=\"has-text-align-center\">In selfreflection &#8211; stainless steel, 2020  <br>measures: 204x105x155cm<br><br>This sculpture represents a woman who is trying to finds her inner feelings.<\/p>\n\n\n\n<p><\/p>\n\n\n\n<figure class=\"wp-block-gallery aligncenter columns-2 is-cropped\"><ul class=\"blocks-gallery-grid\"><li class=\"blocks-gallery-item\"><figure><img loading=\"lazy\" width=\"720\" height=\"960\" src=\"https:\/\/galaxyartv.fr\/wp-content\/uploads\/2020\/04\/Attachment-1_n.jpg\" alt=\"\" data-id=\"698\" class=\"wp-image-698\" srcset=\"https:\/\/galaxyartv.fr\/wp-content\/uploads\/2020\/04\/Attachment-1_n.jpg 720w, https:\/\/galaxyartv.fr\/wp-content\/uploads\/2020\/04\/Attachment-1_n-225x300.jpg 225w\" sizes=\"(max-width: 720px) 100vw, 720px\" \/><\/figure><\/li><li class=\"blocks-gallery-item\"><figure><img loading=\"lazy\" width=\"960\" height=\"960\" src=\"https:\/\/galaxyartv.fr\/wp-content\/uploads\/2020\/04\/Attachment-2_n-2.jpg\" alt=\"\" data-id=\"699\" data-link=\"https:\/\/galaxyartv.fr\/index.php\/jamal-al-youssif\/attachment-2_n-2\/\" class=\"wp-image-699\" srcset=\"https:\/\/galaxyartv.fr\/wp-content\/uploads\/2020\/04\/Attachment-2_n-2.jpg 960w, https:\/\/galaxyartv.fr\/wp-content\/uploads\/2020\/04\/Attachment-2_n-2-150x150.jpg 150w, https:\/\/galaxyartv.fr\/wp-content\/uploads\/2020\/04\/Attachment-2_n-2-300x300.jpg 300w, https:\/\/galaxyartv.fr\/wp-content\/uploads\/2020\/04\/Attachment-2_n-2-768x768.jpg 768w\" sizes=\"(max-width: 960px) 100vw, 960px\" \/><\/figure><\/li><\/ul><\/figure>\n\n\n\n<p class=\"has-text-align-center\">Attachment &#8211; stainless steel and glass, 2020&nbsp;&nbsp;&nbsp;&nbsp;&nbsp;&nbsp; <br>measures: 44x50x20cm&nbsp;&nbsp;&nbsp;&nbsp;&nbsp; <br><br>Attachment is the basis of any relationship. Despite the fact, the 2 souls seem to be&nbsp; made from 2 different materials, the interaction between them makes them getting on well.<\/p>\n\n\n\n<p><\/p>\n\n\n\n<figure class=\"wp-block-gallery aligncenter columns-2 is-cropped\"><ul class=\"blocks-gallery-grid\"><li class=\"blocks-gallery-item\"><figure><img loading=\"lazy\" width=\"720\" height=\"960\" src=\"https:\/\/galaxyartv.fr\/wp-content\/uploads\/2020\/04\/The-toy-2_n.jpg\" alt=\"\" data-id=\"690\" class=\"wp-image-690\" srcset=\"https:\/\/galaxyartv.fr\/wp-content\/uploads\/2020\/04\/The-toy-2_n.jpg 720w, https:\/\/galaxyartv.fr\/wp-content\/uploads\/2020\/04\/The-toy-2_n-225x300.jpg 225w\" sizes=\"(max-width: 720px) 100vw, 720px\" \/><\/figure><\/li><li class=\"blocks-gallery-item\"><figure><img loading=\"lazy\" width=\"720\" height=\"960\" src=\"https:\/\/galaxyartv.fr\/wp-content\/uploads\/2020\/04\/The-toy-1_n-2.jpg\" alt=\"\" data-id=\"701\" data-link=\"https:\/\/galaxyartv.fr\/index.php\/jamal-al-youssif\/the-toy-1_n-2\/\" class=\"wp-image-701\" srcset=\"https:\/\/galaxyartv.fr\/wp-content\/uploads\/2020\/04\/The-toy-1_n-2.jpg 720w, https:\/\/galaxyartv.fr\/wp-content\/uploads\/2020\/04\/The-toy-1_n-2-225x300.jpg 225w\" sizes=\"(max-width: 720px) 100vw, 720px\" \/><\/figure><\/li><\/ul><\/figure>\n\n\n\n<p class=\"has-text-align-center\">The toy &#8211; recycle metal and gas, 2019<br>measures: 62x47x22cm&nbsp;&nbsp;&nbsp; <br><br>The bird is the toy that entertains the woman. But when she&rsquo;ll be bored by him, she&rsquo;ll put him in a cage. The artist thinks that women act in the same way with their companion.<\/p>\n\n\n\n<div class=\"wp-block-image\"><figure class=\"aligncenter is-resized\"><img loading=\"lazy\" src=\"https:\/\/galaxyartv.fr\/wp-content\/uploads\/2019\/11\/Jamal-Al-Yousif-696x1024.jpg\" alt=\"\" class=\"wp-image-630\" width=\"300\" height=\"256\"\/><figcaption>Jamal Ai-Yousif<br>Sculptor of Bahre\u00efn<\/figcaption><\/figure><\/div>\n\n\n\n<p>Born in Manama in 1963, This sculptor and printmaker lives and works in Bahre\u00efn.<br>He spent his early years in the studio with his late father, Nasser Al-Yousif, who was Know as a pioneer of Arab art.<br>Before founding (1994) his own Graphic Design and Environmental Design agency,<br>he studied Electrical Engineering and Minored in Art with emphasis on Sculpture from Cogswell Polytechnic School and Santa Clara University, USA.<br>He designed and executed many exibitions ans spaces in Middle-East and in the USA (i.e.The Arab World Festival &#8211; J.F Kennedy Center for the Performing Arts, Washington D.C.).<\/p>\n\n\n\n<p class=\"has-text-color has-cyan-bluish-gray-color\">N\u00e9 \u00e0 Manama, en 1963, ce sculpteur, graveur vit et travaille \u00e0 Bahre\u00efn.<br>Il est entr\u00e9 tr\u00e8s jeune dans le monde de l&rsquo;art gr\u00e2ce \u00e0 son p\u00e8re, nasser Al-Yousif qui \u00e9tait reconnu comme un pionner de l&rsquo;art arabe.<br>Avant de cr\u00e9er (1994) sa propre agence de Design, il a \u00e9tudi\u00e9  \u00ab\u00a0l&rsquo; Electrical Engineering\u00a0\u00bb et l&rsquo;art (Sculpture), \u00e0 la Cogswell Polytechnic School et \u00e0 l&rsquo;Universit\u00e9 de Santa Clara, San Francisco, aux Etats-Unis.<br>Il a con\u00e7u et r\u00e9alis\u00e9  de nombreuses expositions au Moyen-Orient ou aux USA 5The Arab World Festival &#8211; Washington D.C.).<\/p>\n\n\n\n<p><em>\u00a9 Copyright&nbsp;2020 \u2013 Galaxy Art&nbsp;\u2013 All right reserved<\/em><br><\/p>\n","protected":false},"excerpt":{"rendered":"<p>He Dares to Dream &#8211; stainless steel, 2019measure: 2.75&#215;1.06&#215;0.8m In selfreflection &#8211; stainless steel, 2020 measures: 204x105x155cm This sculpture represents a woman who is trying to finds her inner feelings. Attachment &#8211; stainless steel and glass, 2020&nbsp;&nbsp;&nbsp;&nbsp;&nbsp;&nbsp; measures: 44x50x20cm&nbsp;&nbsp;&nbsp;&nbsp;&nbsp; Attachment is the basis of any relationship. Despite the fact, the 2 souls seem to be&nbsp;&hellip; <br \/> <a class=\"read-more\" href=\"https:\/\/galaxyartv.fr\/index.php\/jamal-al-youssif\/\">Lire la suite<\/a><\/p>\n","protected":false},"author":1,"featured_media":614,"parent":0,"menu_order":0,"comment_status":"open","ping_status":"closed","template":"","meta":[],"yoast_head":"<!-- This site is optimized with the Yoast SEO plugin v17.1 - https:\/\/yoast.com\/wordpress\/plugins\/seo\/ -->\n<title>Jamal Al-Yousif - Galaxy Art<\/title>\n<meta name=\"robots\" content=\"index, follow, max-snippet:-1, max-image-preview:large, max-video-preview:-1\" \/>\n<link rel=\"canonical\" href=\"https:\/\/galaxyartv.fr\/index.php\/jamal-al-youssif\/\" \/>\n<meta property=\"og:locale\" content=\"fr_FR\" \/>\n<meta property=\"og:type\" content=\"article\" \/>\n<meta property=\"og:title\" content=\"Jamal Al-Yousif - Galaxy Art\" \/>\n<meta property=\"og:description\" content=\"He Dares to Dream &#8211; stainless steel, 2019measure: 2.75&#215;1.06&#215;0.8m In selfreflection &#8211; stainless steel, 2020 measures: 204x105x155cm This sculpture represents a woman who is trying to finds her inner feelings. Attachment &#8211; stainless steel and glass, 2020&nbsp;&nbsp;&nbsp;&nbsp;&nbsp;&nbsp; measures: 44x50x20cm&nbsp;&nbsp;&nbsp;&nbsp;&nbsp; Attachment is the basis of any relationship. Despite the fact, the 2 souls seem to be&nbsp;&hellip; Lire la suite\" \/>\n<meta property=\"og:url\" content=\"https:\/\/galaxyartv.fr\/index.php\/jamal-al-youssif\/\" \/>\n<meta property=\"og:site_name\" content=\"Galaxy Art\" \/>\n<meta property=\"article:publisher\" content=\"https:\/\/www.facebook.com\/galaxyart.florencevivien.3\" \/>\n<meta property=\"article:modified_time\" content=\"2023-11-21T12:58:16+00:00\" \/>\n<meta property=\"og:image\" content=\"https:\/\/galaxyartv.fr\/wp-content\/uploads\/2019\/11\/IMG_1132-768x1024.jpg\" \/>\n\t<meta property=\"og:image:width\" content=\"768\" \/>\n\t<meta property=\"og:image:height\" content=\"1024\" \/>\n<meta name=\"twitter:card\" content=\"summary_large_image\" \/>\n<meta name=\"twitter:label1\" content=\"Dur\u00e9e de lecture est.\" \/>\n\t<meta name=\"twitter:data1\" content=\"2 minutes\" \/>\n<script type=\"application\/ld+json\" class=\"yoast-schema-graph\">{\"@context\":\"https:\/\/schema.org\",\"@graph\":[{\"@type\":\"WebSite\",\"@id\":\"https:\/\/galaxyartv.fr\/#website\",\"url\":\"https:\/\/galaxyartv.fr\/\",\"name\":\"Galaxy Art\",\"description\":\"\",\"potentialAction\":[{\"@type\":\"SearchAction\",\"target\":{\"@type\":\"EntryPoint\",\"urlTemplate\":\"https:\/\/galaxyartv.fr\/?s={search_term_string}\"},\"query-input\":\"required name=search_term_string\"}],\"inLanguage\":\"fr-FR\"},{\"@type\":\"ImageObject\",\"@id\":\"https:\/\/galaxyartv.fr\/index.php\/jamal-al-youssif\/#primaryimage\",\"inLanguage\":\"fr-FR\",\"url\":\"https:\/\/galaxyartv.fr\/wp-content\/uploads\/2019\/11\/IMG_1132.jpg\",\"contentUrl\":\"https:\/\/galaxyartv.fr\/wp-content\/uploads\/2019\/11\/IMG_1132.jpg\",\"width\":3024,\"height\":4032},{\"@type\":\"WebPage\",\"@id\":\"https:\/\/galaxyartv.fr\/index.php\/jamal-al-youssif\/#webpage\",\"url\":\"https:\/\/galaxyartv.fr\/index.php\/jamal-al-youssif\/\",\"name\":\"Jamal Al-Yousif - Galaxy Art\",\"isPartOf\":{\"@id\":\"https:\/\/galaxyartv.fr\/#website\"},\"primaryImageOfPage\":{\"@id\":\"https:\/\/galaxyartv.fr\/index.php\/jamal-al-youssif\/#primaryimage\"},\"datePublished\":\"2019-11-03T00:12:13+00:00\",\"dateModified\":\"2023-11-21T12:58:16+00:00\",\"breadcrumb\":{\"@id\":\"https:\/\/galaxyartv.fr\/index.php\/jamal-al-youssif\/#breadcrumb\"},\"inLanguage\":\"fr-FR\",\"potentialAction\":[{\"@type\":\"ReadAction\",\"target\":[\"https:\/\/galaxyartv.fr\/index.php\/jamal-al-youssif\/\"]}]},{\"@type\":\"BreadcrumbList\",\"@id\":\"https:\/\/galaxyartv.fr\/index.php\/jamal-al-youssif\/#breadcrumb\",\"itemListElement\":[{\"@type\":\"ListItem\",\"position\":1,\"name\":\"Accueil\",\"item\":\"https:\/\/galaxyartv.fr\/\"},{\"@type\":\"ListItem\",\"position\":2,\"name\":\"Jamal Al-Yousif\"}]}]}<\/script>\n<!-- \/ Yoast SEO plugin. -->","yoast_head_json":{"title":"Jamal Al-Yousif - Galaxy Art","robots":{"index":"index","follow":"follow","max-snippet":"max-snippet:-1","max-image-preview":"max-image-preview:large","max-video-preview":"max-video-preview:-1"},"canonical":"https:\/\/galaxyartv.fr\/index.php\/jamal-al-youssif\/","og_locale":"fr_FR","og_type":"article","og_title":"Jamal Al-Yousif - Galaxy Art","og_description":"He Dares to Dream &#8211; stainless steel, 2019measure: 2.75&#215;1.06&#215;0.8m In selfreflection &#8211; stainless steel, 2020 measures: 204x105x155cm This sculpture represents a woman who is trying to finds her inner feelings. Attachment &#8211; stainless steel and glass, 2020&nbsp;&nbsp;&nbsp;&nbsp;&nbsp;&nbsp; measures: 44x50x20cm&nbsp;&nbsp;&nbsp;&nbsp;&nbsp; Attachment is the basis of any relationship. Despite the fact, the 2 souls seem to be&nbsp;&hellip; Lire la suite","og_url":"https:\/\/galaxyartv.fr\/index.php\/jamal-al-youssif\/","og_site_name":"Galaxy Art","article_publisher":"https:\/\/www.facebook.com\/galaxyart.florencevivien.3","article_modified_time":"2023-11-21T12:58:16+00:00","og_image":[{"width":768,"height":1024,"path":"2019\/11\/IMG_1132-768x1024.jpg","url":"https:\/\/galaxyartv.fr\/wp-content\/uploads\/2019\/11\/IMG_1132-768x1024.jpg","size":"large","id":614,"alt":"","pixels":786432,"type":"image\/jpeg"}],"twitter_card":"summary_large_image","twitter_misc":{"Dur\u00e9e de lecture est.":"2 minutes"},"schema":{"@context":"https:\/\/schema.org","@graph":[{"@type":"WebSite","@id":"https:\/\/galaxyartv.fr\/#website","url":"https:\/\/galaxyartv.fr\/","name":"Galaxy Art","description":"","potentialAction":[{"@type":"SearchAction","target":{"@type":"EntryPoint","urlTemplate":"https:\/\/galaxyartv.fr\/?s={search_term_string}"},"query-input":"required name=search_term_string"}],"inLanguage":"fr-FR"},{"@type":"ImageObject","@id":"https:\/\/galaxyartv.fr\/index.php\/jamal-al-youssif\/#primaryimage","inLanguage":"fr-FR","url":"https:\/\/galaxyartv.fr\/wp-content\/uploads\/2019\/11\/IMG_1132.jpg","contentUrl":"https:\/\/galaxyartv.fr\/wp-content\/uploads\/2019\/11\/IMG_1132.jpg","width":3024,"height":4032},{"@type":"WebPage","@id":"https:\/\/galaxyartv.fr\/index.php\/jamal-al-youssif\/#webpage","url":"https:\/\/galaxyartv.fr\/index.php\/jamal-al-youssif\/","name":"Jamal Al-Yousif - Galaxy Art","isPartOf":{"@id":"https:\/\/galaxyartv.fr\/#website"},"primaryImageOfPage":{"@id":"https:\/\/galaxyartv.fr\/index.php\/jamal-al-youssif\/#primaryimage"},"datePublished":"2019-11-03T00:12:13+00:00","dateModified":"2023-11-21T12:58:16+00:00","breadcrumb":{"@id":"https:\/\/galaxyartv.fr\/index.php\/jamal-al-youssif\/#breadcrumb"},"inLanguage":"fr-FR","potentialAction":[{"@type":"ReadAction","target":["https:\/\/galaxyartv.fr\/index.php\/jamal-al-youssif\/"]}]},{"@type":"BreadcrumbList","@id":"https:\/\/galaxyartv.fr\/index.php\/jamal-al-youssif\/#breadcrumb","itemListElement":[{"@type":"ListItem","position":1,"name":"Accueil","item":"https:\/\/galaxyartv.fr\/"},{"@type":"ListItem","position":2,"name":"Jamal Al-Yousif"}]}]}},"_links":{"self":[{"href":"https:\/\/galaxyartv.fr\/index.php\/wp-json\/wp\/v2\/pages\/607"}],"collection":[{"href":"https:\/\/galaxyartv.fr\/index.php\/wp-json\/wp\/v2\/pages"}],"about":[{"href":"https:\/\/galaxyartv.fr\/index.php\/wp-json\/wp\/v2\/types\/page"}],"author":[{"embeddable":true,"href":"https:\/\/galaxyartv.fr\/index.php\/wp-json\/wp\/v2\/users\/1"}],"replies":[{"embeddable":true,"href":"https:\/\/galaxyartv.fr\/index.php\/wp-json\/wp\/v2\/comments?post=607"}],"version-history":[{"count":24,"href":"https:\/\/galaxyartv.fr\/index.php\/wp-json\/wp\/v2\/pages\/607\/revisions"}],"predecessor-version":[{"id":1681,"href":"https:\/\/galaxyartv.fr\/index.php\/wp-json\/wp\/v2\/pages\/607\/revisions\/1681"}],"wp:featuredmedia":[{"embeddable":true,"href":"https:\/\/galaxyartv.fr\/index.php\/wp-json\/wp\/v2\/media\/614"}],"wp:attachment":[{"href":"https:\/\/galaxyartv.fr\/index.php\/wp-json\/wp\/v2\/media?parent=607"}],"curies":[{"name":"wp","href":"https:\/\/api.w.org\/{rel}","templated":true}]}}